y, -4*m + 3 = 3*y. Suppose 0 = m*v - 9*v + 18. Calculate n(v).
9
Let z(y) be the first derivative of y**3 - 2 - 1/2*y**2 - 3*y + 1/4*y**4. Calculate z(-3).
0
Let i(r) = -r**3 + 2*r**2 + 4. Let p be (4 - -2)/(-3)*-1. Let v be (-46)/(-10) - (-2)/5. Suppose -3*g + p*f + 0*f + 13 = 0, 4*g = -v*f + 2. What is i(g)?
-5
Let l(m) = 3*m**2 + 4*m - 2. Let f(u) = -2*u**2 - 3*u + 1. Let b(v) = 5*f(v) + 4*l(v). What is b(-3)?
12
Let o = 7/12 + -5/12. Let t(m) be the second derivative of 1/2*m**2 - m + 0 - 1/4*m**5 + 0*m**4 + o*m**3. Determine t(-1).
5
Let v(j) be the first derivative of 1 - 2*j + 1/6*j**3 + 0*j**2. Let f(r) be the first derivative of v(r). What is f(3)?
3
Let x(f) = f - 1. Let r(d) = -d. Let p be r(-3). Let v = -3 - -1. Let y be v/(-6) - (-5)/p. Determine x(y).
1
Let l(s) = -s**2 + 5*s - 2. Let c be l(2). Let o = c - 1. Let x(i) = -2*i + 2*i**3 - 2 + o + 0*i. Give x(1).
1
Let a(n) = -n + 7. Suppose 5*k - 18 = 3*k. Let w be a(k). Let p(z) = z - z + z**3 + 3*z**2 + 3*z. Calculate p(w).
-2
Let z(d) = 7*d + 5. Let b(u) = -6*u - 5. Let h(x) = 6*b(x) + 5*z(x). What is h(-9)?
4
Let f(a) be the first derivative of a**3/3 + a**2/2 - 3*a - 11. Determine f(0).
-3
Suppose u + 0 = -3. Let k(c) be the second derivative of -c**5/20 - c**4/6 + 5*c**3/6 + 3*c**2/2 - 33*c. What is k(u)?
-3
Suppose -17 = -2*o + 13. Suppose 0 = -4*i + 5*d + o, -4*i - 6 = -0*d + 2*d. Let y(k) = -k + 4. Give y(i).
4
Let s(t) be the second derivative of -2*t**3/3 + t**2 + 16*t. What is s(3)?
-10
Let r = 4 + -1. Suppose 2*c + 1 - 5 = 0. Let i(b) = b - 5*b**2 + 4*b**2 + 0*b + c. Give i(r).
-4
Suppose -4*m + 16 = 0, 7*u + m = 2*u + 9. Let q be (3/(-6))/(u/(-10)). Let n(k) be the first derivative of -k**4/4 + 5*k**3/3 + k**2/2 - 5*k - 1. What is n(q)?
0
Suppose -5*x - 2*h + 27 - 6 = 0, 2*h + 4 = 0. Let j(o) = -3*o - 2. What is j(x)?
-17
Suppose 5*b - 6 = 3*b. Let h(o) = -3 - 4 + b + 3*o - 2*o. What is h(4)?
0
Let h be (-3)/((-15)/(-12) + -1). Let d = h - -13. Let x(m) be the third derivative of -7*m**6/120 - m**4/24 + m**2. Give x(d).
-8
Let z(k) = 33*k + k**3 + 7 - 56*k + 31*k + 9*k**2. What is z(-8)?
7
Let q(a) = -a**3 - a + 11. Suppose 0 = 2*x - 4*x. Determine q(x).
11
Suppose -3*c - 11 = -3*q - 5*c, -2*c + 8 = 0. Let p(s) = 6*s + 1. Let r(d) = -d**2 + d - 1. Let l(m) = q*r(m) + p(m). Give l(6).
6
Let w be (1/1)/((-4)/(-8)). Let j(m) = -3*m**3 + w*m**3 - m**2 + m - 3 + 0*m**2. Let r = 4 + -4. Determine j(r).
-3
Let g(v) be the first derivative of 1/2*v**2 - 1/3*v**3 - 2*v + 6. Calculate g(4).
-14
Let m(z) = 5*z**2 - 3*z - 3. Let w(g) = 14*g**2 - 9*g - 9. Let l(r) = 17*m(r) - 6*w(r). Calculate l(-6).
21
Let l(s) be the first derivative of -s**4/12 - s**3/2 + s**2/2 + 1. Let a(t) be the second derivative of l(t). Give a(3).
-9
Let b(r) = -16*r**3 + 19*r**2 + 16*r - 10. Let q(n) = -3*n**3 + 4*n**2 + 3*n - 2. Let f(m) = -2*b(m) + 11*q(m). Give f(6).
4
Let f be -5*3/((-15)/14). Suppose -4 = 2*j - f. Let h(d) = -2*d**2 - 7*d. Let q(m) = 3*m**2 + 7*m + 2. Let o(v) = 4*h(v) + 3*q(v). Calculate o(j).
-4
Let z(m) be the third derivative of -m**6/120 - m**5/60 - m**4/24 - 6*m**2. Give z(-1).
1
Let t be 0 + -1*1 + -1. Let s(k) be the first derivative of -1/2*k**2 + 1 + 0*k - 1/3*k**3. Give s(t).
-2
Suppose -14*u = -15*u - 8. Let o(p) = -p**2 - 8*p - 8. Determine o(u).
-8
Let c(s) = s**2 + 7*s + 9. Let t be c(-6). Let a(m) = 5 + 4*m**2 + m**3 + 5 - t - 2*m. Determine a(-5).
-8
Let w(b) be the third derivative of b**5/60 - b**4/24 - 2*b**2. Determine w(0).
0
Let x = -23 + 20. Let l(w) be the second derivative of 0 + 2/3*w**3 - w + 1/3*w**4 + 1/2*w**2 + 1/20*w**5. Calculate l(x).
-2
Suppose 2*r + 4*c = 4*r - 16, 7 = r - c. Let q(m) = -7*m + 6. Let y(g) = g**2 + g - 1. Let x(l) = -q(l) - y(l). Give x(r).
-5
Suppose -3*d + 0*d = 9. Let v(m) = 0*m**2 - 2 + m**2 - m - 2*m**2 - 4*m. Determine v(d).
4
Let i = 0 - 0. Let d(z) be the third derivative of z**5/60 - z**4/24 - 2*z**3/3 + 50*z**2. What is d(i)?
-4
Let p(u) be the second derivative of u**5/20 - u**4/3 + u**3/3 + u**2 - 8*u. Give p(3).
-1
Let f(g) = g**2 - 2. Let r(p) = -6*p**2 + 2*p + 14. Let b(t) = -5*f(t) - r(t). What is b(5)?
11
Let m(k) = -k**2 + 2*k + 18. Let o be m(5). Let j(q) = 2*q + q - q + 6 - 3*q. What is j(o)?
3
Let h = -1 - -3. Let q(t) be the first derivative of -t - 2*t**h + 4*t**2 - 4*t**2 + 0 - 2. Calculate q(2).
-9
Let g(r) = 4*r**2 - 3*r**2 + r**3 - 9 + 0*r**3 + r. Let y be 0/(-2 + 1 + 2). Let w be 0/((-1 + y)*2). Give g(w).
-9
Let q be 2 + (2 - (5 - 3)). Let x(v) = -9*v**q + 5*v + v**3 - 3*v + 6 + 5*v. Let h be x(8). Let t(b) = b**3 + 3*b**2 - b + 1. Give t(h).
7
Let i(j) = -j**2 - 6*j - 1. Let x = 34 - 39. Give i(x).
4
Suppose -5*u = -2*x, -5 = 5*u - 4*x + 5. Let s = 3 + u. Suppose 3*q - 5*a - s = 0, -4*a + 2*a = 2*q + 18. Let r(b) = b + 8. What is r(q)?
3
Let u(l) = 2*l. Suppose -5*p + 3*d = -0*d - 19, 4*p = 2*d + 16. Suppose -p*h = 3*x - 6, h = -7*x + 2*x + 10. Give u(x).
4
Let c be (-1)/4 + -2 - (-7)/28. Suppose 3*k = 3*b + 9, 0 = -2*b - 2*k + 1 + 9. Let o(x) = 2*x**2 - b + 0*x**3 + x**3 + 0*x - 2*x. Give o(c).
3
Suppose 5*p - 15 = 2*p. Let z(f) = f**2 - 7*f + 5. Calculate z(p).
-5
Let q(n) be the first derivative of n**3/3 + n - 2. Let a(c) = -c**2 + 4*c - 4. Let u be a(3). Let m be q(u). Let k(p) = 5*p. What is k(m)?
10
Suppose m - 1 - 3 = 0. Suppose -m*j + 8*j = 12. Let w(x) = -x + 7. What is w(j)?
4
Let s(p) = -5*p - 1. Let j(i) = -i - 8. Let c be j(-13). Suppose 4*x + 1 = m, -2*m + 0*m + 5 = -c*x. Give s(x).
-6
Suppose -6 - 14 = -4*y. Let s(w) = -w**3 + 6*w**2 - 6*w + 4. What is s(y)?
-1
Let m = 2 + 0. Let b(k) = 3 - 2*k + 2 - 2*k - m. Determine b(3).
-9
Let p(j) = 2*j**3 + j**2 - 7*j + 11. Let o(m) = -m**3 - m**2 + 3*m - 6. Let w(a) = -5*o(a) - 3*p(a). Let s(d) = d**2 + d + 2. Let i be s(-2). Calculate w(i).
-11
Let a(l) = 2*l**2 - 3*l - 3. Let n be 0/((3 + -1)/(-1)). Suppose n = 5*t - 2*k - 13, -5*t - 3*k + 15 = -t. Calculate a(t).
6
Let r = 15 + -10. Let j be 3 + -1*(r - -1). Let q(t) = 5*t**2 - 13*t + 1. Let g(n) = 3*n**2 - 7*n + 1. Let h(l) = 7*g(l) - 4*q(l). Calculate h(j).
3
Let d(i) be the third derivative of -i**5/60 - i**4/8 + 5*i**3/6 + 13*i**2. Let p(x) = x - 1. Let r be p(-4). What is d(r)?
-5
Let k(x) = -2*x**3 + x**2 - 5*x + 4. Let d(l) = 3*l**3 - l**2 + 6*l - 4. Let m(j) = 3*d(j) + 4*k(j). Give m(-3).
-8
Let t = 56 + -57. Let w(f) = -5*f**2 - 2*f - 1. Give w(t).
-4
Let h = 54 + -33. Let t be (10/15)/((-2)/h). Let f = 7 + t. Let u(n) = -n**2 - n - 2. Determine u(f).
-2
Let h(q) = 5*q**2 + 6*q + 4. Let r(f) = -4*f**2 - 6*f - 3. Let j(c) = -5*h(c) - 6*r(c). Give j(5).
3
Let j(c) be the first derivative of -c**3/6 + 3*c**2/2 + 3*c + 1. Let y(m) be the first derivative of j(m). Calculate y(2).
1
Suppose -4*x = x + 20. Let y(l) = -l**3 - 5*l**2 - 2*l + 5. Give y(x).
-3
Let o(l) be the third derivative of l**7/2520 + l**6/360 - l**4/8 + 2*l**2. Let z(q) be the second derivative of o(q). Give z(2).
8
Let o(t) = t**2 + 7*t + 3. Let c be o(-7). Suppose 3*r - c = 3. Let m(u) = 1 + 2*u**2 - 4*u + 3 - u**r. Calculate m(3).
1
Let s(i) = -i**3 + i - 1. Let m be s(0). Let k(f) = -3*f + 3. Suppose 8 = -t - 1. Let b(v) = 13*v - 13. Let n(u) = t*k(u) - 2*b(u). What is n(m)?
-2
Let b(v) = -12*v - 2. Let t be 4/48*4*6. What is b(t)?
-26
Let z(m) be the second derivative of -m**5/20 + m**4/4 + m**3/2 - 3*m**2/2 + 2*m. Give z(4).
-7
Suppose -3*p - 6 = 3. Let k(z) = 1. Let c(o) = o**2 - o + 4. Let j(i) = -c(i) + 5*k(i). Give j(p).
-11
Let z be 148/28 + 4/(-14). Let x(p) = -2*p**2. Let g(y) = -y**2 - y + 1. Let m(f) = 3*g(f) - 2*x(f). Calculate m(z).
13
Let w(l) = l**2 - 2*l + 2. Let q = -43 - -45. What is w(q)?
2
Let b = -70 - -70. Let f(w) = -w + 6. What is f(b)?
6
Let z(t) = -8*t + 2. Let f(u) = 4*u - 1. Let l(b) = -5*f(b) - 3*z(b). Determine l(-3).
-13
Suppose 0 = -3*z + 5*g + 1, -3*z + 0*z + 17 = -g. Suppose 0 = -3*s + z - 1. Let m(i) = 2*i**2 - i**s - 5*i + 0*i. Determine m(3).
-6
Let q(o) be the first derivative of o**3/3 + o**2 + 2*o + 3. Calculate q(-3).
5
Let a(c) = -c**3 - c**2 - 3*c - 1. Let b = -30 - -27. Calculate a(b).
26
Let c(t) = -3*t + 5*t - 4 + 9. Suppose -2*x + 24 = 4*x. Give c(x).
13
Let j = 2 + 2. Let s(k) = 2 + 0*k + j*k + 3*k - 4*k. Suppose 7 = -4*p - 1. Determine s(p).
-4
Let w be 6*2*2/8. L